 units digit of z(v)?
4
What is the tens digit of (17 - -729) + -2 + 9?
5
Let s(k) = -242*k + 9. What is the hundreds digit of s(-2)?
4
Suppose -3*p = -p. Suppose g + 0*g = p. Let w = 10 - g. What is the tens digit of w?
1
Let g = 473 - -38. What is the units digit of g?
1
Suppose 13 - 22 = -3*n. Suppose -670 = -5*a - 3*o, -n*a + 242 = -4*o - 189. What is the tens digit of a?
3
Let g = -9 - -20. Suppose 5*q = 4 + g. Suppose -5*a = -q*m + 12 + 8, 3*a = 3*m - 18. What is the units digit of m?
5
Suppose 3*a = -3*k + 2253, k - 3*a = -4*k + 3763. What is the tens digit of k?
5
Let a(i) = i + 5. Let w be a(-3). Suppose 4*x + 4*b - 311 = 3*b, w*b = 5*x - 392. What is the tens digit of x?
7
Let a = 4 + -5. Let c = -47 + 51. What is the tens digit of 101/c - a/(-4)?
2
Let k(i) = i**3 + 12*i**2 - 11*i + 5. Let c be k(-13). What is the units digit of (38/1)/((-14)/c)?
7
What is the tens digit of (6/5)/((-12)/(-4740))?
7
Let j be ((-14)/4 - 2) + (-2)/(-4). What is the tens digit of 188 + 2 + 3 + j?
8
Let m(d) = -10*d - 19. Let f(y) = 29*y + 57. Let x(n) = -4*f(n) - 11*m(n). What is the units digit of x(-17)?
3
Let g = 6 + -6. Suppose -3*l + g = -9. Suppose -r = 4*x - 27, -r + 15 = l*x - 5. What is the units digit of x?
7
Suppose -96 = -4*j - 4*x, -2*x - 54 - 3 = -3*j. Suppose -4*o + j = -o. What is the units digit of o/(98/4)*21?
6
Let s(z) = -193*z - 141. What is the tens digit of s(-9)?
9
Let j = 170 - -780. What is the units digit of j?
0
Let o be 18*(-6)/(-9) - 4. Suppose 0 = -u + 3*y - 3 - 3, 4*y - o = 0. Suppose u = -j + 3*m + 6, m = j - 4 - 2. What is the units digit of j?
6
Let y(l) = 11*l + 23. Let z(t) = -1. Let x(k) = -y(k) + 4*z(k). What is the tens digit of x(-6)?
3
Suppose 0 = 10*i - i - 495. Suppose -i*z - 5 = -50*z. What is the units digit of ((-18)/(-24))/(z/(-36))?
7
Let w(s) = -s**3 + 2*s**2 + 3*s + 2. Let x be w(3). Suppose -91 - 71 = -x*h. What is the tens digit of h?
8
Let c = -24 - -23. What is the units digit of c/(-3) - 1547/(-39)?
0
What is the units digit of 6/(2 + -56) - (-16420)/36?
6
Let n(r) = -72 + 36 + 33 + 61*r. What is the hundreds digit of n(4)?
2
Suppose -959 = -3*j + 94. What is the units digit of j?
1
What is the units digit of 247233/244*8/6?
1
Let y(a) = 18*a**2 + 26*a - 16. What is the units digit of y(-8)?
8
Let i(f) = 6*f**2 - 6*f - f**3 + 6 - 4*f**3 + 1 + 4*f**3. Let g be i(5). What is the units digit of (-84)/35*(-5)/g?
6
Let f(z) = -326*z + 65. What is the tens digit of f(-2)?
1
Suppose 0 = -2*j - u + 729, 19*j - 14*j - 1820 = -2*u. What is the tens digit of j?
6
Let c = 32 + -27. Suppose 5*n - 300 = k, -c*n = -4*n + k - 66. What is the units digit of n?
1
Suppose -2774 = -5*c - 2*h + 6*h, -4 = 4*h. What is the units digit of c?
4
Let s = -202 - -621. What is the units digit of s?
9
Suppose -2*y - c = -7103, 2*c = -4*y + 7*c + 14241. What is the thousands digit of y?
3
Let g(t) = -2*t**3 - t**2 + 4*t + 3. Let a be g(-2). Let u = -4 + a. Suppose -u*c = -2*c - 4, 2*c = 4*o. What is the units digit of o?
2
Let q = -674 + 4172. What is the hundreds digit of q?
4
Let z(o) = 2*o**2 - 2*o + 1. Let g be z(2). Suppose 3*x + 5*y - 20 = 0, -g*y + 4 = -4*y. Suppose q - 28 = -x*q. What is the units digit of q?
8
Let f = 0 - -25. Suppose -f*a = -21*a - 264. What is the tens digit of a?
6
Let l = 143 - 141. What is the hundreds digit of (-7*l)/(-1*3/42)?
1
Let q(c) = -c**3 - 12*c**2 - 11*c + 6. Let k be 0*(0 + 4/(-8)). Let f be (-3 - k)*(-132)/(-36). What is the units digit of q(f)?
6
Suppose -73 = -d - 3*j, 0 = -4*d - j - 159 + 462. What is the tens digit of d?
7
Suppose 3*o + i - 1751 = 0, -o - 3*i - 2*i = -579. Suppose -8*p + 128 = -o. What is the tens digit of p?
8
Suppose 0 = 10*b - 11*b - 5. What is the tens digit of (-406)/b + (-6)/30?
8
Suppose -3*j = 2*j + 50. Let p be 85/j - (-3)/(-2). What is the units digit of 4/p*420/(-4)?
2
Suppose 9 = -10*r + 11*r. What is the units digit of (42/r + -4)*183?
2
Let x(w) = 6*w**3 - 3*w**2 + 5*w - 22. What is the hundreds digit of x(4)?
3
Suppose 3*a + 5*y = 492, a - 2*y - 851 = -4*a. What is the units digit of a?
9
Suppose -44*i + 6025 = -19*i. What is the hundreds digit of i?
2
Let w be 1/9*-3*-207. Suppose 60 + 117 = 5*m - c, -2*m = -c - w. What is the tens digit of m?
3
Let n(a) = -73*a - 191. What is the units digit of n(-14)?
1
Let v(g) be the first derivative of -2*g**2 - 12*g + 17. What is the units digit of v(-5)?
8
Let i(j) = -2*j - 7*j**2 - 31*j + 2 - 1. Let d(s) = 11*s**2 + 50*s - 1. Let r(a) = 5*d(a) + 8*i(a). What is the tens digit of r(-11)?
3
Let o = -104 + 106. What is the units digit of (o + -3)/((-3)/(-12)) - -218?
4
Let a(r) = -579*r + 41. What is the hundreds digit of a(-2)?
1
Let d = -42 - -12. Let f = d - -26. What is the units digit of 11 + (f - -4 - 2)?
9
Suppose 0 = -142*i + 148*i - 444. What is the units digit of i?
4
Let q = -1 - -6. Suppose 0 = q*g - 196 - 19. Let p = -26 + g. What is the tens digit of p?
1
Suppose -27020 + 8012 = -9*n. What is the thousands digit of n?
2
Let b = 314 - 138. What is the hundreds digit of b?
1
Suppose 27*b = 63195 + 67539. What is the tens digit of b?
4
Suppose 2 + 4 = 3*n. Suppose 2*j + 0*j = -4*v + 156, 0 = -3*j - n*v + 222. What is the units digit of j?
2
Let i(t) = 19*t**2 - t + 1. Let n be i(2). Let q = n + 15. Let x = q + -63. What is the tens digit of x?
2
Let j be 2 + (-3 - 0) + 3 + -2. Suppose -f + 58 = -j*f. What is the tens digit of f?
5
What is the tens digit of -5 - 29/(-5) - 5264/(-20)?
6
Suppose -13*k + 1172 = -50. Let j = k + -83. What is the units digit of j?
1
Let g(h) be the second derivative of h**4 - 8*h**3/3 + 11*h**2/2 - 2*h - 26. What is the hundreds digit of g(5)?
2
Suppose 16 - 58 = l. Let a = 10 - l. What is the units digit of a?
2
Let z = 43 + -52. What is the units digit of (z/15 - (-753)/(-45))*-6?
4
What is the units digit of (-3)/((-2380)/(-795) - 3) + -2?
5
Suppose 0 = -2*j + 31 - 27. Suppose -2*t + 19 = -u, -4*u - j = 2*t + 4. What is the units digit of t?
7
Let w(z) = z**3 - 2*z**2 + z + 1. Let x be w(3). What is the units digit of 1/(((-13)/(-30))/x)?
0
Let x(i) = 4*i - 16. Let m be x(4). Suppose -3*z = -m - 24. What is the units digit of z?
8
Suppose 0*k + 36 = 2*k. Let u be k/(-27)*(-9)/(-2). What is the tens digit of 8/(-12) + (-95)/u?
3
Suppose -5*q - 811 = -4241. What is the tens digit of q?
8
Let d(p) = p**3 + 6*p**2 - 10*p - 17. Let a be d(-7). Suppose -4*y - 3*h = -0*h + 5, 2*y = -a*h - 10. What is the units digit of y?
1
What is the hundreds digit of (-3 + 1 + 5)/((-18)/(-8940))?
4
Let j = 283 - 144. What is the hundreds digit of j?
1
Let n be ((-26)/(-4) - 6) + 10/4. Suppose -124 = -p - 0*h + n*h, 0 = 3*p + h - 422. What is the tens digit of p?
3
Let k = -63 - -70. Suppose -105 = -k*s + 294. What is the tens digit of s?
5
Let f be (-560)/(-21) + (-4)/6. Let z = 35 - f. What is the units digit of z?
9
Let x(w) = 2*w + 9. Let k be x(-10). Let m be (k/4 - -2)*-4. Suppose -3*r = -42 + m. What is the tens digit of r?
1
Let c = -1489 + 4215. What is the units digit of c?
6
Let u(w) be the first derivative of w**4/4 - 5*w**3/3 - 3*w**2 - 14*w - 11. What is the tens digit of u(7)?
4
Suppose 2*v = -4*t + 2970, -3*v - 5*t + 5342 = 887. What is the thousands digit of v?
1
Let d(x) = x - 2. Suppose 2 = 4*a + 5*t - 23, -2*a = 5*t - 15. Let v be d(a). Suppose 0 = v*k - 39. What is the tens digit of k?
1
What is the tens digit of (-7)/84 - (-59334)/72?
2
Let l(x) = x**2 - 3 + 92*x**2 - 3*x + 1. What is the units digit of l(-1)?
4
Let w(m) = 3*m**3 + 54*m**2 + 104*m - 30. Let u(f) = -f**3 - 18*f**2 - 35*f + 10. Let d(n) = 7*u(n) + 2*w(n). What is the tens digit of d(-17)?
5
Let u(r) = r**2 - 8*r - 4. Let m be u(9). Suppose 4*k + 496 = 4*s, m*s - 3*s = -k - 109. Let v = -73 - k. What is the units digit of v?
6
Let s = -645 - -1189. What is the tens digit of s?
4
Let u(r) = 218*r + 10. What is the units digit of u(7)?
6
Let l(h) = -h**2 - 7*h - 2. Suppose -6*k + 2*k = -3*v + 30, -5*k - 4*v = 22. Let t be l(k). What is the tens digit of t/6 + (-268)/(-12)?
2
Suppose -1043 = -a + 2*p + 268, 2*p = -5*a + 6567. What is the hundreds digit of a?
3
Let y(o) = -o**3 + 14*o**2 + 37*o - 3. What is the tens digit of y(13)?
4
Suppose 2*u + 14 + 24 = 0. Suppose -69 = -4*f + 55. Let z = u + f. What i